 v(2).
11
Let g(v) = v + 8. Calculate g(-8).
0
Let r(b) = b**2 - 12*b + 36. Give r(9).
9
Let b(n) = -2*n - 10. Give b(-2).
-6
Let b(k) = 3*k - 2. Give b(2).
4
Let y(m) = -m**3 - 7*m**2 + 6*m. What is y(-8)?
16
Let b(w) = -w**3 - 3*w**2 - 5*w - 6. Determine b(-4).
30
Let m(w) = -w**2 + w + 8. Determine m(-6).
-34
Let z(k) = -15*k - 14. Calculate z(-5).
61
Let m(f) = -9*f - 85. Determine m(-10).
5
Let y(s) = 3*s**2 - 45*s - 11. Calculate y(15).
-11
Let g(f) = -2*f**2 - 4*f - 1. What is g(-4)?
-17
Let p(a) = a**2 - a - 32. Calculate p(0).
-32
Let h(a) = -5*a**2 - 55*a + 56. Calculate h(1).
-4
Let c(n) = n**3 - 11*n**2 - 15*n + 18. Give c(12).
-18
Let b(y) = -y**2 + 40*y - 204. What is b(34)?
0
Let v(z) = z - 3. Give v(2).
-1
Let n(l) = l**2 + 6*l. What is n(-2)?
-8
Let n(l) = -l**3 - 6*l**2 + 13*l + 26. Calculate n(-9).
152
Let t(g) = -2*g**2 - 16*g + 37. What is t(-10)?
-3
Let b(p) = 25*p + 8. Calculate b(-5).
-117
Let d(f) = -f**3 - f**2 + 26*f + 9. Determine d(-5).
-21
Let p(m) = -2*m + 4. Calculate p(3).
-2
Let k(m) = -m**2 - 6*m. Calculate k(-3).
9
Let n(d) = -5*d**2 + 28*d + 2. Determine n(10).
-218
Let h(v) = 3*v**2 + 22*v + 2. What is h(-7)?
-5
Let f(t) = -t**2 - 9*t - 8. Determine f(-8).
0
Let x(n) = n**2 + 8*n + 20. What is x(-6)?
8
Let f(c) = -2*c**2 - 5*c - 1. Determine f(-5).
-26
Let n(i) = -7*i + 12. What is n(4)?
-16
Let j(z) = 10*z + 162. Determine j(-16).
2
Let y(n) = -9*n + 114. Give y(13).
-3
Let x(l) = 47*l**3 + l**2 - l. Determine x(1).
47
Let o(d) = -d**3 - 6*d**2 - 8*d + 1. What is o(-4)?
1
Let x(o) = -4*o - 5. Calculate x(0).
-5
Let o(r) = -r + 9. Calculate o(12).
-3
Let f(n) = -37*n + 1440. Give f(39).
-3
Let j(h) = h**3 - 15*h**2 + 27*h - 15. Give j(13).
-2
Let p(s) = -s - 20. What is p(-8)?
-12
Let b(z) = -2*z + 34. Calculate b(10).
14
Let g(t) = -3*t**2 - 2*t - 1. What is g(-2)?
-9
Let g(l) = -l**2 + 11*l. Determine g(11).
0
Let g(j) = -j**3 - 2*j**2 - 2*j - 1. What is g(-2)?
3
Let i(t) = -t**2 + 2*t + 1. Give i(0).
1
Let u(l) = 6*l**2 - 12*l - 17. Give u(3).
1
Let b(s) = 6*s + 8. Determine b(8).
56
Let p(u) = -u - 51. Determine p(0).
-51
Let g(y) = y**3 + 8*y**2 - 8. Calculate g(-8).
-8
Let j(t) = -t + 1. Give j(2).
-1
Let s(g) = -g**2 + 9*g - 6. What is s(7)?
8
Let p(m) = 17*m - 17. Give p(-3).
-68
Let x(z) = -z**2 - 12*z - 9. What is x(-5)?
26
Let m(t) = t**3 + 18*t**2 - 16*t + 32. Give m(-19).
-25
Let x(d) = 6*d**3 - d - 1. Determine x(-1).
-6
Let a(s) = -s**3 + s**2 - s + 35. Determine a(0).
35
Let u(y) = -2*y**2 - y + 1. Determine u(-3).
-14
Let k(f) = f**3 + 6*f**2 - 3*f + 8. Determine k(-6).
26
Let r(x) = 13*x**2 + 5*x + 4. Determine r(-2).
46
Let j(k) = -k**3 + 3*k**2 + 3*k - 5. Determine j(3).
4
Let h(t) = t**2 - 5*t + 3. Calculate h(6).
9
Let b(y) = 2*y**2 + 10*y - 36. Determine b(3).
12
Let u(q) = -q**3 + 2*q - 11. Give u(0).
-11
Let p(f) = -107*f + 540. Give p(5).
5
Let d(s) = s**2 - 6*s - 4. Calculate d(5).
-9
Let d(t) = 6*t**3 + t + 1. Calculate d(2).
51
Let p(z) = 6*z + 50. Determine p(-8).
2
Let f(j) = 4*j + 15. What is f(-8)?
-17
Let d(c) = -c**3 - 2*c**2 + 14. What is d(0)?
14
Let a(c) = -116*c + 355. Determine a(3).
7
Let g(f) = f**3 + 4*f**2 + 3*f + 3. What is g(-4)?
-9
Let r(l) = -99*l + 23. What is r(2)?
-175
Let z(p) = -p**3 - 13*p**2 - 22*p. Give z(-11).
0
Let i(c) = 3*c**3 + c + 1. Determine i(2).
27
Let m(b) = 6*b**2 - 18*b + 3. Give m(3).
3
Let h(j) = -2*j**3 - 2*j**2 - 10*j - 11. Calculate h(-2).
17
Let k(i) = -13*i - 252. Calculate k(-21).
21
Let c(o) = -7*o + 25. Determine c(3).
4
Let x(s) = s**3 + 17*s**2 - 3*s - 44. Give x(-17).
7
Let y(h) = h**3 - 11*h**2 + 10*h - 1. What is y(10)?
-1
Let x(k) = -k**3 + 3*k**2 + 56*k + 11. What is x(-6)?
-1
Let p(d) = d + 9. Determine p(-6).
3
Let p(l) = -12*l - 47. What is p(-7)?
37
Let s(r) = 26*r - 39. Give s(-2).
-91
Let h(y) = 10*y - 5. Determine h(1).
5
Let x(l) = -14*l. Calculate x(1).
-14
Let z(n) = -n + 4. Determine z(-6).
10
Let f(q) = -q**3 + 6*q**2 - 9*q + 26. What is f(5)?
6
Let i(k) = 123*k**3 + 2*k**2 - 2*k + 1. Give i(1).
124
Let i(j) = j**2 + 9*j - 8. Give i(-9).
-8
Let j(z) = -z - 2. Determine j(-3).
1
Let b(n) = -n**3 - 32*n**2 - 24*n + 213. What is b(-31)?
-4
Let s(r) = 3*r - 20. Give s(10).
10
Let o(k) = 6*k + 152. Determine o(-23).
14
Let l(c) = 12*c + 65. Give l(-5).
5
Let r(s) = -s**2 + 9*s - 27. Determine r(4).
-7
Let r(b) = b**3 + 3*b**2 - 4*b - 5. Determine r(-4).
-5
Let o(q) = -q**2 + 10*q - 2. What is o(10)?
-2
Let o(c) = 6*c**3 - c**2 + c - 1. Determine o(1).
5
Let d(n) = -n**3 - 3*n**2 - 3*n + 4. Give d(-4).
32
Let m(q) = q**2 - 5*q - 59. What is m(11)?
7
Let w(x) = -20*x - 173. Determine w(-8).
-13
Let h(c) = 4*c**2 + 5*c - 5. Calculate h(-5).
70
Let m(i) = i**2 - 9*i + 7. Calculate m(7).
-7
Let n(l) = -l**2 + 2*l - 7. Calculate n(5).
-22
Let c(w) = 30*w**2 - 178*w - 1. Calculate c(6).
11
Let m(y) = -2*y + 19. Give m(15).
-11
Let w(g) = -2*g**2 + 2*g - 5. What is w(3)?
-17
Let o(z) = -4*z - 1. Calculate o(-2).
7
Let n(u) = -u**2 - 13*u + 113. What is n(6)?
-1
Let k(m) = m**3 - 13*m**2 + 16*m - 1. What is k(12)?
47
Let b(d) = -d**3 - 18*d**2 - 11*d - 180. What is b(-18)?
18
Let i(m) = -m**3 - 12*m**2 + 12*m - 41. What is i(-13)?
-28
Let c(x) = -x**3 - 6*x**2 + x. Determine c(-3).
-30
Let x(m) = m**2 - m - 22. Determine x(5).
-2
Let o(r) = -3*r - 2. Determine o(-14).
40
Let q(h) = 8*h + 147. What is q(-18)?
3
Let z(q) = -5*q + 68. Calculate z(21).
-37
Let m(q) = q**2 + 17*q + 47. What is m(-4)?
-5
Let n(i) = i**3 + 8*i**2 + 9*i - 3. Give n(-7).
-17
Let i(y) = -y**2 + 24*y + 145. Determine i(-5).
0
Let c(g) = -g**3 + 17*g**2 - 23*g + 97. Determine c(16).
-15
Let d(g) = -13*g + 14. Give d(3).
-25
Let s(p) = p**3 + 45*p**2 - 95*p - 31. Calculate s(-47).
16
Let b(k) = -2*k**3 + 6*k**2 - 2. Give b(3).
-2
Let b(h) = -h**2 + 25*h + 31. Determine b(26).
5
Let a(v) = -v**2 + v. Calculate a(-4).
-20
Let n(v) = -2*v**2 + 15*v - 17. Give n(6).
1
Let a(y) = -10*y**3 - y**2 + y - 1. Give a(2).
-83
Let y(l) = 2*l - 7. Give y(4).
1
Let c(k) = k**3 + 8*k**2 + 4*k + 32. Calculate c(-8).
0
Let h(i) = -6*i - 2. Give h(-5).
28
Let c(m) = -9*m**2 + 1. Calculate c(-1).
-8
Let k(o) = o - 5. Give k(3).
-2
Let v(s) = s**3 - 11*s**2 + 11*s + 71. Give v(9).
8
Let t(n) = -n**2 - 12*n - 7. Give t(0).
-7
Let z(t) = t - 10. Give z(5).
-5
Let x(r) = -22*r**3 - 3. Calculate x(-2).
173
Let v(f) = -f**2 + 7*f + 26. Calculate v(6).
32
Let j(g) = -g - 28. Give j(15).
-43
Let q(r) = -7*r + 156. Determine q(36).
-96
Let p(t) = t**3 - 4*t**2 - 6*t + 6. Determine p(4).
-18
Let b(g) = 2*g**2 - 2*g - 2. Determine b(0).
-2
Let o(q) = -q - 2. Give o(7).
-9
Let g(c) = c**3 - 6*c**2 - 2*c + 7. Determine g(6).
-5
Let q(d) = d + 8. Give q(-4).
4
Let f(g) = -3*g**2 + 12*g - 3. Determine f(4).
-3
Let b(n) = -n**2 - n - 2. Calculate b(-1).
-2
Let d(p) = p**2 + p - 3. Calculate d(-2).
-1
Let y(c) = c + 23. What is y(0)?
23
Let k(u) = -6*u - 3. Determine k(0).
-3
Let c(q) = 20*q + 166. Calculate c(-8).
6
Let o(g) = 32*g + 4. Calculate o(-4).
-124
Let i(q) = 43*q + 131. What is i(-3)?
2
Let o(u) = u**3 + 11*u**2 + 11*u + 43. Calculate o(-10).
33
Let x(j) = 7*j - 76. Give x(10).
-6
Let y(g) = 10*g - 24. Calculate y(-7).
-94
Let x(b) = b - 2. Give x(12).
10
Let z(s) = s**3 - 14*s**2 - 17*s + 19. What is z(15)?
-11
Let v(l) = 22*l**2 + l + 2. Give v(-1).
23
Let c(a) = 3*a - 23. Determine c(7).
-2
Let j(d) = d**3 + 8*d**2 + 18*d + 29. Give j(-6).
-7
Let y(w) = -w - 5. Calculate y(-2).
-3
Let t(d) = -70*d + 3. What is t(0)?
3
Let h(c) = c**3 - c**2 + c + 1. Give h(2).
7
Let u(z) = 4*z - 83. Give u(18).
-11
Let t(s) = 57*s + 359. Determine t(-6).
17
Let d(p) = p**2 + 4*p - 11. What is d(-6)?
1
Let p(j) = 10*j**2 + 8*j + 3. What is p(-2)?
27
Let u(s) = -s**3 + s**2 + 2*s - 15. Give u(0).
-15
Let f(s) = -2*s**2 + 7*s + 6. Calculate f(6).
-24
Let a(o) = o**2 + 2*o + 3. Give a(-4).
11
Let u(v) = v**3 - 27*v**2 + 28*v - 39. What is u(26)?
13
Let j(g) = g**3 - 4*g**2 + 3*g + 4. Calculate j(3).
4
Let n(o) = 4*o - 17. Determine n(6).
7
Let l(a) = 4*a**2 - 3*a. Give l(4).
52
Let k(g) = -g**3 - 7*g**2 - 5*g - 2. What is k(-5)?
-27
Let l(m) = 19*m + 1. What is l(-6)?
-113
Let k(z) = 9*z - 23. Give k(0).
-23
Let l(w) = w**3 + 15*w**2 - w - 12. What is l(-15)?
3
Let b(v) = 19*v - 68. Calcula